- 2. Give c(v).
-18
Suppose -3*t - 51 = -2*t. Let g = -51 - t. Let v(p) = 2*p - 4*p - 2 + p. Give v(g).
-2
Let g(p) be the second derivative of p**5/20 - p**4/2 + p**3/3 + 253*p. Determine g(6).
12
Let g(i) be the first derivative of i**5/120 - i**4/8 + 3*i**3 + 20. Let b(h) be the third derivative of g(h). Suppose 0 = y - 5 + 2. Determine b(y).
0
Let r(n) = -n - 2. Suppose 4*u - t - 17 = 2*t, -5*t - 19 = -2*u. Let v be r(u). Let c(s) be the first derivative of -s**2/2 - 5*s - 1. What is c(v)?
-1
Let q(w) = -4*w - 18. Let x be q(-4). Let d(y) be the first derivative of 3*y + y**2 + 1 + 2/3*y**3. Give d(x).
7
Let a(c) = 604*c - 302*c + 2*c**3 - c**3 - 304*c + 1. Suppose -j + 5*j - 4 = 0. Determine a(j).
0
Let g(u) be the third derivative of 1/12*u**4 + 0 + 0*u + 19*u**2 - 2/3*u**3. Suppose 0 = 2*t + 3*x, -5*x = 3*t - 10*x + 19. What is g(t)?
-10
Let a(g) = -g + 1. Let v(r) = r**2 - 5*r - 12. Let b be (15/10)/((-9)/(-30)). Suppose 0 = -3*c + 4 + b, 4*s + c = 31. Let o be v(s). What is a(o)?
-1
Let q be (-9)/(36/(-16)) - 1. Suppose q*l + 0 = 6. Let w(x) be the first derivative of -x**4/4 - x**3/3 + 2*x**2 - 3*x + 4. Give w(l).
-7
Let g be (-4)/8 - 15/(-2). Suppose 0 = v - 5*v - 5*d + g, -2*v - 5*d = -1. Let q(s) = -v*s - 1 - 2*s + 3*s - s. Determine q(5).
-16
Let y = -1 + 1. Let w be ((y/2)/2)/(-1). Let t(d) be the second derivative of -d**5/20 + d**3/6 - 3*d**2 - 24*d - 1. Determine t(w).
-6
Let n(w) = -5*w**2 - 4*w + 3. Suppose 3*o - 5*y - 31 = 0, 0 = 2*o + 3*y + 2*y + 21. What is n(o)?
-25
Let c(x) be the first derivative of x**3/3 + 3*x**2 + 4*x - 9. What is c(-3)?
-5
Let b be 1179/(-917)*(-7)/3. Let s(f) be the third derivative of -f**6/120 + f**5/15 - f**4/6 + f**3/3 - f**2. Calculate s(b).
-1
Let l(n) = -n**3 - n**2 - n - 1. Let x(v) = -6*v**3 - 10*v**2 - 9*v - 7. Let c = 0 - 6. Let p be 10 + -6 + c/2. Let m(j) = p*x(j) - 5*l(j). Calculate m(-4).
-2
Let g(v) = 4*v**3 - 7*v**2 + 4*v - 28. Let z(w) = w**3 - 2*w**2 + w - 9. Let k = 24 + -22. Let i(f) = k*g(f) - 7*z(f). Determine i(0).
7
Let y(c) be the third derivative of 4*c**5/15 + c**4/12 - c**3/6 + 33*c**2. Let g be (-2)/(1*(3 + -5)). Calculate y(g).
17
Let v(l) be the third derivative of -l**7/840 - l**6/360 - 7*l**4/24 + 47*l**3/6 + 2*l**2 - 8. Let s(o) be the first derivative of v(o). Give s(0).
-7
Let g(u) = -u**3 + 11*u**2 - 11*u + 8. Let h be (260/(-39))/((-16)/24). What is g(h)?
-2
Let f be 13/(-3) + 6 + (-119)/21. Let w be (-3 + -2)/(1*(f + 3)). Let p(z) = z. Determine p(w).
5
Let z(r) = 348 + 13*r - r**2 + 339 - 692. Give z(9).
31
Let i = 11 + 13. Suppose 0*c + i = 3*c. Suppose -c*f = -3*f - 25. Let d(a) = a**3 - 6*a**2 + 5*a - 2. Determine d(f).
-2
Let k(i) = 4*i + 2. Suppose -3*n = 7 - 52. Let u be (n/4)/((-1)/(-4)). Let j = 11 - u. Calculate k(j).
-14
Suppose 1 + 2 = x. Let r(d) = 2*d**3 - 5*d**2 + 10*d + 4. Let w(p) = 5*p**3 - 10*p**2 + 21*p + 9. Let h(l) = x*w(l) - 7*r(l). Let y = 13 + -19. What is h(y)?
5
Let z(o) = -o**2 - 8*o + 5. Let s be z(-7). Let r be ((-16)/6)/((-2)/9). Let u be (40/r)/(8/s). Let j(y) = -y**2 + 5*y - 7. Determine j(u).
-7
Let p(g) = 3*g**2 - 39*g + 88. Let j(k) = -k**2 + 13*k - 29. Let x(y) = 7*j(y) + 2*p(y). What is x(12)?
-15
Let p(z) = -z + 2. Suppose -7*l - 9 + 2 = 0. Let c = 3 + l. Suppose c*k = -k - 9. Calculate p(k).
5
Suppose -2*f + 80 - 66 = 0. Let v(u) = 18*u + 2*u**3 - 3*u**3 - 4*u**2 - f + 0*u**2 - 17*u. Give v(-5).
13
Let b be 2*21/12 - 2. Let x(k) be the first derivative of 2/3*k**3 + 0*k - b*k**2 + 2. Determine x(2).
2
Let j be 1250/100*4/10. Let d(b) = 0*b**3 - b**3 + 3 - b**2 + 2*b**2 + 4*b**2. Determine d(j).
3
Let i = -26 - -28. Let w(z) = 0*z**i - 3*z + 682 - 682 + 3*z**2. Calculate w(2).
6
Suppose -2*v + 14 = -r + 5*r, r - 3*v = 0. Let z(g) be the first derivative of -4*g**2 + 1/3*g**r - 7 + g. Determine z(7).
-6
Let d(h) be the first derivative of -h**6/120 - 7*h**5/60 - 5*h**4/24 - 3*h**3/2 + 6*h**2 + 22. Let y(t) be the second derivative of d(t). Calculate y(-6).
-15
Let c(i) = 3*i**3 - 5*i**2 - 2. Let m(d) = -7*d**3 + 11*d**2 + d + 3. Let l(s) = -5*c(s) - 2*m(s). What is l(3)?
-2
Let p(m) be the third derivative of m**5/15 + m**4/24 + 23*m**3/2 + 4*m**2 + m. Let k(g) be the first derivative of p(g). Let l = 0 - 1. Calculate k(l).
-7
Let y(a) = a**3 - 2*a**2 - a + 3. Let n(d) = -d**2 - d. Suppose 0 = 5*j + 4*x + 26, 1 = -3*j + 3*x + 7. Let w(o) = j*n(o) - y(o). Give w(4).
9
Let h(b) = -b - 1. Suppose -3*z - 4*u + 31 = 0, -4*z + 36 = u + 12. What is h(z)?
-6
Let x(l) = -l**2 + 2*l + 4. Let q be 8/5*(9 + 1). Suppose -q = 5*a - 1. Let j = a + 7. What is x(j)?
-4
Let i(o) be the third derivative of -o**9/60480 - o**8/10080 + o**7/2520 + o**6/360 - 7*o**5/20 + 14*o**2. Let q(z) be the third derivative of i(z). Give q(-2).
-2
Let b(t) = -3*t**3 - t**2 - 2*t + 2. Suppose 0 = -0*c - 6*c + 6. Give b(c).
-4
Suppose 0 = -817*w + 806*w. Let u(x) = x**2 + x + 1. Let q(j) = 6*j**2 + 6*j - 1. Let s(f) = q(f) - 5*u(f). Determine s(w).
-6
Let d(f) be the second derivative of f**3/3 + 11*f**2/2 - 9*f - 3. Calculate d(-5).
1
Let x(g) be the second derivative of -g**4/12 - 7*g**3/6 - 9*g**2/2 + 362*g. Give x(-7).
-9
Let r(i) = i**3 - 5*i**2 + 5*i - 2. Let j = -118 + 122. Determine r(j).
2
Let g(c) = c**2 + 3*c + 1. Let y be 16/24 - 10/(-3). Suppose y = 2*k - 18. Suppose 4 = -5*l - k. Calculate g(l).
1
Let s(i) = -27*i + 50. Let u be s(2). Let v(l) = l - 1. Calculate v(u).
-5
Let i(y) = -5*y**3 + y**2 + 2*y + 43. Let s(n) = 3*n**3 - n**2 - n + 1. Let b(w) = i(w) + 2*s(w). What is b(0)?
45
Let i(m) = -16*m**2 + 13*m + 4. Let w(q) = 4*q + 9. Let a be w(-4). Let o(u) = 11*u**2 - 9*u - 3. Let v(l) = a*o(l) - 5*i(l). What is v(1)?
2
Let h(p) = -2*p**2 + 5*p - 7. Let f(r) = -r**2 + 4*r - 5. Let u(b) = -3*f(b) + 2*h(b). What is u(-4)?
-7
Let s = -11 - -11. Let y(d) = d + 2. Let x be y(s). Let t(z) = 12*z**x - 2*z**2 - z**2 - z**3 + 6 + 1. Calculate t(9).
7
Let g = 442 + -442. Let k(b) = -b**3 - b**2 + b - 14. What is k(g)?
-14
Suppose -12 = -g + 2*n, -g + 2*g + 4*n = -18. Suppose -3*v + 4*a = g, -6 = 3*a + 6. Let c(f) be the second derivative of -f**3/6 + 5*f**2/2 - 2*f. What is c(v)?
11
Suppose -4*p = -j - 19, -5*p + 29 = -p + j. Let k(l) = p*l**3 + 7 + 2*l - 6 - l. Calculate k(-1).
-6
Let d = -20 + 14. Let y(n) = -n + 1. Let j(s) = -8*s + 21. Let u(c) = d*y(c) + j(c). Let v be u(10). Let q(a) = -2*a**2 - 7*a + 2. Give q(v).
-13
Let j(s) be the first derivative of s**6/180 - s**5/60 + s**4/24 - 4*s**3 + 37. Let p(m) be the third derivative of j(m). What is p(2)?
5
Let q(u) be the third derivative of 5/24*u**4 + 1/12*u**5 + u**3 + 0 + 1/120*u**6 + 0*u - 2*u**2. Suppose d = -4*p - 16, -3*d - 1 = -2*d - p. Give q(d).
2
Let s(p) = p**3 + p**2 - p - 1. Let t(k) = -2*k**3 + 3*k**2 + 10*k + 5. Let o(x) = 3*s(x) + t(x). Let j be 5*((-120)/(-8) + -16). Calculate o(j).
-8
Let n(w) = -5*w + 5. Let s be (26/(-3) - -8)/((-2)/15). What is n(s)?
-20
Let u = -29 - -21. Let t(r) = r. Let s(g) = -4*g + 8. Let p(m) = -s(m) - 5*t(m). What is p(u)?
0
Let r(g) be the first derivative of -g**3/3 + 9*g**2 - 16*g + 278. Determine r(15).
29
Let z(v) = 3 + 17*v - 6 - 2*v - 16*v. Calculate z(1).
-4
Let f(b) = 5*b**2 + 3*b**3 - 4*b**3 - 3*b**2 - b**2 + b + 19. Let w be f(0). Let c(k) = w*k**2 - 1 - 20*k**2 + 3*k**3 - k - 4*k**3. What is c(0)?
-1
Let h(q) = 2*q**2 + 5*q - 3. Suppose -f = -5*g - 72, -6*g - 5*f = -3*g + 60. Let d be g/(-35) - 93/21. What is h(d)?
9
Let f(n) be the second derivative of -n**3/2 + n**2/2 + n - 17. Calculate f(4).
-11
Let b(k) = -k - 3. Let g(z) = -10*z + 11. Let y(f) = 4*b(f) + g(f). Give y(-2).
27
Let m(d) = 2*d + 5. Let h be ((-9)/3 - -3)/(-2). Suppose h = -c + 6*c. Suppose 0 = -5*p + 2*o - 35, -2*p + c*o - 30 = -4*o. Determine m(p).
-5
Let y(o) = -o**3 + 5*o**2 - 5*o + 5. Let c(u) = u**2 - 5*u - 9. Let h be c(7). Suppose h + 7 = 4*v + j, -v - 2*j = 4. Determine y(v).
1
Let k(o) = -o**2 + 2. Suppose -2*p + 4*c = -5*p + 23, 3*c - 20 = -5*p. Determine k(p).
1
Let k(h) = -14*h**2 + h - 9. Let g(f) = 21*f**2 - f + 14. Let j(l) = 5*g(l) + 8*k(l). Calculate j(1).
-6
Let y(t) = t**2 + 17*t + 77. Let x be y(-9). Let s(g) be the third derivative of g**5/60 - g**3 + 7*g**2. Calculate s(x).
19
Suppose -133 + 48 = 17*h. Let q(w) = -4*w - 16. Give q(h).
4
Supp